4 + -54. Let p = 9 - v. Suppose -5*a + p*a - 504 = 0. What are the prime factors of a?
2, 3, 7
Suppose 4*a = 113 + 319. Let n be ((-40)/(-6))/(-2)*a/(-9). Suppose 41*y - n*y = 12. What are the prime factors of y?
2, 3
Suppose 5*v + u - 435 = 5*u, 259 = 3*v - 2*u. Let k = 351 - v. List the prime factors of k.
2, 67
List the prime factors of 19/(57/1289)*15.
5, 1289
Suppose -2602 = -3*r + 5*n, -5*r - 2596 = -8*r + 2*n. What are the prime factors of 7114/5 + r/720?
2, 89
Let y(v) = -7 + 1410*v**2 + 1418*v**2 - 2821*v**2 - 9*v. What are the prime factors of y(-6)?
13, 23
Let g = 580 + -658. List the prime factors of 3 - (104/g)/(4/3270).
1093
Suppose -6 - 5 = -11*h. Let z(b) = -7*b - h + 0 + 16. List the prime factors of z(-24).
3, 61
Let f = 825 + -809. Suppose 5*c - c + f = 0, 4*x - 5*c - 3392 = 0. List the prime factors of x.
3, 281
Suppose 19*x - 15557 = 304278 + 167458. List the prime factors of x.
3, 83, 103
Let b(a) = a**3 - 4*a**2 + 7*a - 18. Let s be b(4). Suppose -139 - 4331 = -s*g. List the prime factors of g.
3, 149
Let a = 72 - 68. Suppose a*p - 634 = -2*m, 0 = -5*p - m - 4*m + 800. List the prime factors of p.
157
Let r be 2/10 + (-2310)/50. Let p = -46 - r. List the prime factors of (p + (-3)/(36/(-32)))*18.
2, 3
Suppose 5*h - 3*b - 337152 = 0, -4*b = 78*h - 82*h + 269736. What are the prime factors of h?
3, 5, 29, 31
Suppose -76*b - 12487 = -81*b + h, -3*h = -4*b + 9972. What are the prime factors of b?
3, 7, 17
Let q(y) = y**3 - 5*y**2 - 2*y - 14. Suppose p - 3*p = -14. Let f be q(p). Suppose h = -4*c + f, c - 4*h - 11 = -h. What are the prime factors of c?
17
Let k(q) be the third derivative of -1/6*q**3 + 0 + 7/6*q**5 + 0*q**4 + 0*q - 21*q**2. What are the prime factors of k(1)?
3, 23
Let q = 19 - 12. Let b = 3 - q. List the prime factors of ((-3 - -10) + -3)/(b/(-58)).
2, 29
What are the prime factors of (-6118)/42*-18 + -7?
5, 523
Let y(v) = -5 - v + 2*v + 10 + 5. Let a be y(-7). Suppose 208 = 4*d + f, 3*d - 5*d - a*f + 94 = 0. What are the prime factors of d?
53
Let k(w) = -8 + 18*w - 14 + 11*w - 23*w. Let d(r) = -r. Let l(h) = -2*d(h) - k(h). What are the prime factors of l(-8)?
2, 3
Suppose k = -0*f - 2*f + 2, 2*f + 2*k = 0. Let r be (-2)/((-12)/2313)*f. Suppose 4*a - r = 121. What are the prime factors of a?
223
Let t = -28774 + 50587. List the prime factors of t.
3, 11, 661
Let z = -93 + 97. Let d(v) = 11 - 8 - z*v + 5 + 23*v. List the prime factors of d(2).
2, 23
Suppose 4*i = 3*x - 484, i + 2*i = 6. Suppose -p - 5*l - 62 = 0, -2*p - l + 6 = 121. Let n = p + x. List the prime factors of n.
107
Suppose -12*m + 11*m - 29304 = 0. List the prime factors of 3/(-4) + m/(-288).
101
Let o(f) = 517*f**2 + 47*f - 24. What are the prime factors of o(-6)?
2, 3, 113
Suppose 7*k + 39674 = 173535. What are the prime factors of k?
13, 1471
Suppose -146*m + 142*m + 13626 = 2*k, -k - 3*m + 6812 = 0. What are the prime factors of k?
5, 29, 47
Suppose -5*a - 275 = -2*m - 2*a, m = -4*a + 154. Let q = 276 - 195. Suppose 0 = i - 2*z - q, -3*z - 98 - m = -3*i. List the prime factors of i.
79
Let v = 13 + -22. Let g be 6/((-12)/(-33) + 3/v). Suppose 3*q - g = -0*q. List the prime factors of q.
2, 3, 11
Suppose -5*w - 125 = -145. Suppose -y + 465 = y + 5*a, 5*y + w*a = 1188. List the prime factors of y.
2, 3, 5
Let s = -201 + 267. List the prime factors of -4 + 84624/s - (-4)/(-22).
2, 3, 71
List the prime factors of (1 - (-294 + -7))/2.
151
Let f = 16771 + -8469. List the prime factors of f.
2, 7, 593
Let p be 6/9 - (-4)/(-6). Suppose 8*m - 4424 - 7304 = p. List the prime factors of m.
2, 733
Let z = 219 + -200. Suppose 4*y - 2499 = 3*s, 0 = 3*y - z*s + 22*s - 1890. List the prime factors of y.
3, 11, 19
Let r be -1 - 4 - (-382 + -1). Let w = 568 - r. What are the prime factors of w?
2, 5, 19
Let v be 380/80 - 1/(-4). Suppose v*f + 6*l - 1897 = 9*l, 5*l = -20. List the prime factors of f.
13, 29
Let j(q) = q**2 - 7*q - 13. Let a be j(9). Suppose -a*f + 12 = -178. Let r = 27 + f. List the prime factors of r.
5, 13
Let x = 544 + 677. Let u = x - 549. What are the prime factors of u?
2, 3, 7
List the prime factors of (152/(-12))/(58/(-79083)).
3, 19, 101
Let a = 0 - -32. What are the prime factors of a*(-1 + (-64)/(-4))?
2, 3, 5
Let m(d) = d**3 - 9*d**2 + 7. Let f be m(9). Suppose 249 = f*n - 2957. Let v = n - 281. List the prime factors of v.
3, 59
Let t = 1173 - 1848. Let x = t - -1027. What are the prime factors of x?
2, 11
Let z(s) = 2*s**3 - 8*s**2 + 51. Let q(y) = -12*y + 128. Let b be q(10). List the prime factors of z(b).
563
Let p(i) = 7 - 12*i + 15*i**3 + 13*i - 6*i. Let d be p(-3). Let j = -117 - d. List the prime factors of j.
2, 7, 19
List the prime factors of (3264 + 16)*(-3)/(-6).
2, 5, 41
Suppose -23*i + 19*i = -84. Let q be (-12)/i - ((-456)/(-21))/4. List the prime factors of -3*1/(q/332).
2, 83
Let x = 127049 + -88336. What are the prime factors of x?
38713
Let j = 36135 + -10934. List the prime factors of j.
11, 29, 79
Let d = -48 + 55. Suppose -5*u - o = -16, -2*o + 8 = 3*u - u. Suppose -d*m + 108 = -u*m. List the prime factors of m.
3
Let s(d) = 2*d**2 + 18*d + 32. Let f be s(-10). Suppose -4*j + 84 = -f. Suppose -5*r + 364 - j = 0. What are the prime factors of r?
2, 3, 11
Suppose -3*h - 13283 = 4*z - 144851, -3*z + 2*h = -98693. List the prime factors of z.
3, 5, 17, 43
Suppose d - 3*z + 71 = 1040, 4*z + 2937 = 3*d. What are the prime factors of d?
3, 7, 47
Let d be -3 + 0/3 - -19. Suppose 10803 + 1421 = d*m. What are the prime factors of m?
2, 191
Suppose -8*w + 29 + 27 = 0. Suppose 123 = -w*g + 4*g. Let m = g - -90. List the prime factors of m.
7
Let l = 591 - -1862. List the prime factors of l.
11, 223
Let a(o) = -o**3 - 30*o**2 - 28*o - 11. Let d be a(-29). Let g(y) = y**2 + 35*y - 120. What are the prime factors of g(d)?
2, 5
Let h = 145640 - 73594. What are the prime factors of h?
2, 13, 17, 163
Let f(u) = -48*u**2 - 8*u - 4. Let q be f(-2). Let m = -168 - q. List the prime factors of m.
2, 3
Let x be ((-105164)/(-183))/((2 + -1)/63). What are the prime factors of (35/(2450/x))/(4/10)?
3, 431
Suppose 2*p + 4 = -2*l + 2, 5*p + 5 = 0. Let g be 2*(-6)/(-4) + l/3. List the prime factors of (12/16 - 1)*(-1788)/g.
149
Let a(j) = j**3 - 3*j**2 - 3*j - 2. Let m be a(4). Suppose 0 = m*i - 5*i - 3*q + 921, -4*i = -q - 1218. What are the prime factors of i?
5, 61
List the prime factors of (-136998)/295*15/(-9)*2.
2, 3, 43
Let c(z) = 111*z**2 - 42*z + 249. List the prime factors of c(8).
3, 2339
Suppose -19*m + 7955 = -5*m - 172575. What are the prime factors of m?
5, 2579
Suppose -8*v = -3*v - 20. Suppose 9 = 3*i - v*i. Let x(r) = -11*r + 14. List the prime factors of x(i).
113
Let j be 6/1*(-10)/(-20). Let o be (-23)/(-3)*j*-3. List the prime factors of ((-24)/2)/(o/322).
2, 7
Suppose 0 = -4*r - 5*p + 32808, 6640 = 2*r - 3*p - 9764. List the prime factors of r.
2, 3, 1367
Suppose -23*n = -16*n - 112. What are the prime factors of 250 - -4*12/n?
11, 23
Suppose -14*b + 17*b - h - 24581 = 0, 4*h = -3*b + 24571. What are the prime factors of b?
3, 2731
Let d = 132 - -25. Let c = 325 - d. Let k = c + 22. What are the prime factors of k?
2, 5, 19
Suppose -2*h - 2*u + 6 = -4*h, -3*h - u - 5 = 0. Let x(v) = -12*v**3 + v. Let p be x(-1). Let z = h + p. What are the prime factors of z?
3
Suppose -3*o + 43 = 5*i, -2*o + 3*o + i = 11. List the prime factors of -56*(8*(-3)/o - -1).
2, 3, 7
Suppose 62 = -2*c + 176. Suppose c*s = 60*s - 1248. What are the prime factors of s?
2, 13
Suppose -5*o = n - 358, o - 65 = 5*n + 17. Let y be o/42 - (-2)/7. Suppose -y*s - 83 = -3*s + 5*m, s = -2*m + 48. List the prime factors of s.
2, 29
Suppose s = -m + 10 - 8, s = -1. Suppose 2 = 4*a - 2, -2*u + 1113 = -m*a. What are the prime factors of u?
2, 3, 31
Suppose 2*r + 3*a = 4*r + 18, 2*a = -4*r - 4. Let v be (-2)/12 - r/18. List the prime factors of 20/(v - 5) - -168.
2, 41
Let z(f) be the second derivative of -f**4/12 - f**3/6 + 3*f**2 + 42*f. Let h be z(0). Let x(l) = l**2 - 3*l - 2. List the prime factors of x(h).
2
Suppose 12 = 5*y - 3. Suppose n - y + 5 = 0. List the prime factors of (1212/30 + 4)*(-5)/n.
3, 37
Suppose -3*v + 7*v + 120 = 0. Let k(g) = 15*g - 126. Let o be k(9). What are the prime factors of ((-102)/5)/(o/v)?
2, 17
Suppose 2*o - 29